 13 and 39.
13
Calculate the highest common factor of 79 and 869.
79
What is the highest common factor of 1065 and 15?
15
Calculate the greatest common factor of 5328 and 96.
48
Calculate the greatest common factor of 686 and 2.
2
Calculate the greatest common factor of 260 and 364.
52
What is the greatest common divisor of 180 and 40?
20
What is the highest common divisor of 506 and 44?
22
Calculate the highest common factor of 78 and 26.
26
Calculate the greatest common divisor of 357 and 33.
3
What is the highest common divisor of 20 and 80?
20
Calculate the highest common divisor of 275 and 5.
5
Calculate the highest common divisor of 1541 and 23.
23
What is the greatest common factor of 42 and 1218?
42
Calculate the greatest common divisor of 1558 and 410.
82
What is the greatest common factor of 1356 and 24?
12
What is the greatest common factor of 70 and 280?
70
What is the highest common factor of 355 and 9159?
71
What is the highest common divisor of 5790 and 10?
10
What is the highest common factor of 248 and 40?
8
What is the highest common factor of 568 and 200?
8
Calculate the greatest common divisor of 1585 and 20.
5
Calculate the highest common factor of 657 and 27.
9
What is the greatest common factor of 14 and 7?
7
What is the highest common divisor of 637 and 26?
13
Calculate the greatest common factor of 136 and 1000.
8
Calculate the greatest common factor of 1296 and 6192.
144
What is the greatest common factor of 30 and 130?
10
Calculate the greatest common factor of 84 and 448.
28
Calculate the greatest common factor of 1786 and 152.
38
Calculate the greatest common divisor of 3111 and 51.
51
What is the highest common factor of 792 and 144?
72
What is the highest common divisor of 23 and 943?
23
What is the highest common factor of 374 and 11?
11
Calculate the highest common divisor of 246 and 6.
6
What is the greatest common divisor of 15 and 1065?
15
What is the greatest common factor of 2674 and 126?
14
What is the highest common factor of 21 and 1113?
21
Calculate the highest common factor of 256 and 48.
16
Calculate the highest common divisor of 12796 and 28.
28
What is the greatest common factor of 160 and 48?
16
Calculate the highest common divisor of 606 and 6464.
202
What is the greatest common factor of 13 and 48828?
13
What is the highest common divisor of 1 and 176?
1
Calculate the greatest common divisor of 60 and 300.
60
What is the greatest common factor of 2378 and 58?
58
What is the greatest common divisor of 216 and 1656?
72
What is the greatest common factor of 95 and 57?
19
What is the highest common divisor of 63 and 462?
21
What is the highest common divisor of 189 and 21?
21
Calculate the greatest common divisor of 6656 and 12.
4
What is the greatest common factor of 1 and 25?
1
Calculate the greatest common divisor of 5 and 25.
5
Calculate the greatest common divisor of 115 and 207.
23
Calculate the highest common divisor of 9 and 909.
9
What is the greatest common divisor of 30 and 255?
15
What is the highest common factor of 2 and 732?
2
Calculate the highest common divisor of 231 and 55.
11
Calculate the greatest common divisor of 138 and 230.
46
What is the highest common factor of 72 and 1336?
8
Calculate the highest common divisor of 25 and 10.
5
Calculate the highest common divisor of 279 and 567.
9
Calculate the highest common factor of 66 and 3234.
66
Calculate the highest common factor of 4408 and 812.
116
Calculate the greatest common factor of 474 and 2054.
158
Calculate the greatest common factor of 473 and 121.
11
Calculate the greatest common divisor of 290 and 490.
10
What is the greatest common divisor of 7011 and 3690?
369
Calculate the greatest common divisor of 1166 and 22.
22
Calculate the highest common factor of 11 and 5.
1
What is the greatest common factor of 616 and 8?
8
What is the highest common factor of 44 and 76?
4
What is the greatest common divisor of 52 and 1924?
52
What is the greatest common divisor of 1212 and 48?
12
What is the highest common factor of 57 and 30?
3
What is the greatest common factor of 303 and 69?
3
Calculate the greatest common divisor of 115 and 24265.
115
Calculate the highest common factor of 24 and 12288.
24
Calculate the greatest common divisor of 196 and 1988.
28
What is the highest common divisor of 434 and 279?
31
What is the highest common factor of 180 and 8955?
45
What is the greatest common divisor of 737 and 11?
11
What is the highest common divisor of 1100 and 620?
20
Calculate the greatest common factor of 50 and 40.
10
What is the greatest common divisor of 13 and 403?
13
What is the greatest common factor of 121 and 253?
11
What is the greatest common factor of 7 and 29?
1
What is the highest common factor of 25866 and 18?
18
Calculate the greatest common factor of 315 and 3633.
21
What is the highest common factor of 24 and 36?
12
Calculate the highest common factor of 20 and 55.
5
Calculate the greatest common divisor of 56 and 152.
8
What is the highest common factor of 15 and 3315?
15
Calculate the highest common factor of 61952 and 242.
242
What is the greatest common divisor of 756 and 6?
6
Calculate the highest common divisor of 28847 and 91.
91
What is the highest common factor of 56 and 2170?
14
Calculate the greatest common factor of 43 and 215.
43
Calculate the highest common divisor of 5 and 2.
1
What is the highest common factor of 250 and 350?
50
Calculate the greatest common divisor of 22 and 1298.
22
What is the greatest common divisor of 98 and 14?
14
What is the greatest common factor of 230 and 34270?
230
Calculate the greatest common divisor of 97 and 3.
1
Calculate the greatest common divisor of 30 and 70.
10
Calculate the highest common divisor of 16 and 21488.
16
Calculate the highest common divisor of 41 and 205.
41
What is the greatest common factor of 36 and 14562?
18
What is the greatest common divisor of 4720 and 120?
40
Calculate the highest common factor of 1185 and 10191.
237
Calculate the greatest common divisor of 31 and 589.
31
Calculate the greatest common divisor of 287 and 697.
41
What is the greatest common factor of 13754 and 92?
46
What is the greatest common divisor of 2184 and 390?
78
What is the highest common divisor of 25 and 2?
1
Calculate the greatest common divisor of 377 and 325.
13
What is the greatest common factor of 17813 and 188?
47
What is the greatest common divisor of 66 and 67683?
33
What is the highest common factor of 14 and 24430?
14
What is the greatest common divisor of 306 and 578?
34
Calculate the highest common factor of 52 and 25532.
52
What is the greatest common factor of 65 and 39260?
65
Calculate the highest common factor of 1134 and 28.
14
What is the greatest common divisor of 23 and 1219?
23
What is the greatest common divisor of 5135 and 195?
65
Calculate the greatest common divisor of 288 and 360.
72
What is the greatest common factor of 32 and 2448?
16
Calculate the highest common factor of 13 and 26.
13
What is the highest common factor of 2 and 17?
1
What is the greatest common divisor of 2760 and 12?
12
What is the greatest common factor of 791 and 7?
7
Calculate the greatest common factor of 19296 and 12.
12
What is the highest common divisor of 436 and 4?
4
What is the highest common divisor of 14 and 252?
14
What is the greatest common divisor of 315 and 126?
63
Calculate the greatest common divisor of 30 and 120.
30
Calculate the greatest common divisor of 1156 and 136.
68
What is the greatest common factor of 2 and 2?
2
Calculate the greatest common divisor of 15 and 2673.
3
Calculate the greatest common divisor of 535 and 5.
5
Calculate the highest common divisor of 2291 and 79.
79
Calculate the greatest common factor of 768 and 18.
6
Calculate the highest common divisor of 25 and 725.
25
Calculate the highest common divisor of 1544 and 12.
4
Calculate the highest common factor of 190 and 1216.
38
What is the highest common factor of 300 and 75?
75
Calculate the highest common divisor of 10 and 5.
5
Calculate the highest common divisor of 48 and 1224.
24
Calculate the highest common divisor of 17703 and 18.
9
Calculate the highest common factor of 14335 and 235.
235
Calculate the highest common factor of 806 and 3562.
26
Calculate the g